der when 16 is divided by (45/(-20))/(l/(-44)).
7
Suppose -3064 = -26*m + 17580. Calculate the remainder when m is divided by 228.
110
Suppose -35 = -2*o + 4*b + 5, 3*b = -4*o + 124. Suppose o*m + 285 = 31*m. What is the remainder when m is divided by 24?
23
Suppose 5*n + 44 - 239 = 5*q, -2*n + 73 = 3*q. Let s(c) = -c**2 - 27*c + 337. What is the remainder when s(-34) is divided by n?
23
Suppose 5*g = -d - 560 + 1400, 0 = 4*g + 2*d - 672. Let q = -313 + 325. Calculate the remainder when (g + 2)/2 - 2 is divided by q.
11
Suppose 0 = 5*x + 5*v - 38 + 8, -5*x + 3*v + 14 = 0. Suppose 4*q = -x*q + 208. Let o(u) = -u - 2. What is the remainder when q is divided by o(-6)?
2
Suppose -6*k = 12*k - 54. Suppose 2*l = 3*p - 38, 5*p - k*l - 79 = -17. Calculate the remainder when 19 is divided by p.
9
Let y = 468 - 475. Calculate the remainder when 398 is divided by y - (-104 + (-3 - 0)).
98
Suppose 0 = -2*z - 274 + 688. Suppose z = 6*c - 3*c. Calculate the remainder when c is divided by 12.
9
Let m = -43 - -46. Suppose 4*i = z + 16, -3*z + m*i = 2*i + 4. Suppose 0 = -z*u + 6*u - 240. Calculate the remainder when 79 is divided by u.
39
Suppose 36*y - 33335 - 25273 = 0. Calculate the remainder when y is divided by 71.
66
Suppose -52*s = -25870 + 8450. Calculate the remainder when s is divided by 25.
10
Let g(s) = -2*s - 63. Suppose -2*q + 4*l = 88, 20*l - 132 = 3*q + 21*l. What is the remainder when 64 is divided by g(q)?
14
Suppose -17*g = 73*g + 1181 - 4601. What is the remainder when 1317 is divided by g?
25
Suppose -180 = 3*s + 3*s. Let b = 37 + s. Suppose -b*c = -2*c + 3*h - 118, -3*c - 5*h = -74. What is the remainder when 91 is divided by c?
22
Suppose -108*j + 1487 = -676 + 435. Calculate the remainder when (-2)/(-9) + 5334/54 is divided by j.
3
Let w = 69 - 49. What is the remainder when w is divided by (-3286)/(-279) - (-4)/18?
8
Let o(s) = 11 - 4 + 26 - 2*s. Calculate the remainder when 96 is divided by o(4).
21
Let l be 158*(7/(-2) + 4). Suppose -47 = 3*u + l. Let w = u - -48. What is the remainder when 29 is divided by w?
5
Suppose -5*d + 3139 = -c, d = -3*c + 1314 - 667. Calculate the remainder when d is divided by 91.
83
Let k = -4665 - -5214. What is the remainder when k is divided by 134?
13
Suppose l + 1596 = -3*k, 904 = -5*k - 4*l - 1756. Let d = k - -742. What is the remainder when d is divided by 71?
68
Let n = -119 - -126. Calculate the remainder when 1/(-8 + 3 + n)*682 is divided by 43.
40
Suppose 108*s = -34*s + 90312. What is the remainder when s is divided by 39?
12
Let r be ((-110)/(-90) + (-4)/18)*6. Suppose 6 = -3*o, 2*h + 350 = r*h - 5*o. What is the remainder when h is divided by 31?
23
Suppose 447 = 5*x + 72. Let a be (8 - 0)*1 - -1. Let l(w) = 3*w + 11. What is the remainder when x is divided by l(a)?
37
Let z(y) = y**3 - 15*y**2 + 19*y - 28. What is the remainder when 92 is divided by z(14)?
8
Suppose 508 = -5*c - 5*b + 2448, 0 = -3*c + 4*b + 1192. Calculate the remainder when c is divided by 20.
12
Suppose -31*u = 6*u - 3515. What is the remainder when 685 is divided by u?
20
Calculate the remainder when 118 is divided by (-1)/(14 - 170/12).
4
Let a(p) be the second derivative of -8*p**3/3 + 5*p**2/2 - 87*p. Calculate the remainder when 110 is divided by a(-2).
36
Suppose o = -1 + 21. Suppose 1 = -3*d + 16, -a + o = 3*d. Suppose -4*z + a*q = -136, z - 19 = 5*q + 15. Calculate the remainder when z is divided by 18.
16
Let u(x) = x**3 - 51*x**2 - 56*x + 211. Let l be u(52). Suppose 4*b - c = -6*c + 833, 633 = l*b + c. Calculate the remainder when b is divided by 71.
70
Suppose 0 = -3*m + 2*w - 113, m + 0*w + 3*w = -34. Let i = 42 + m. Let h(n) = n**3 + 4*n**2 - 8*n + 8. What is the remainder when h(i) is divided by 49?
46
Suppose 6007 = 5*b - 3*n, 3633 = 3*b - 12*n + 15*n. Calculate the remainder when b is divided by 253.
193
Suppose -t - 71 = -2*w, -2*w = -3*t + 6*t - 51. Suppose 3*n = 33 - 9. Suppose -72 = -n*x + 24. What is the remainder when w is divided by x?
9
Let g(x) = 7*x**2 - 851*x + 634. What is the remainder when 1487 is divided by g(121)?
137
Let p be 5/(5/2) + 54 + -27. Suppose 0 = p*q - 4*q - 1325. Calculate the remainder when 203 is divided by q.
44
Let x(m) be the second derivative of m**4/6 + 2*m**3 - 25*m**2/2 - 45*m. Suppose 0 = 4*q - 7*q + 162. Calculate the remainder when q is divided by x(2).
5
Let g = -3320 - -3589. What is the remainder when g is divided by 148?
121
Suppose -3*j + 1169 - 374 = 0. Calculate the remainder when j is divided by 85.
10
Let k(n) = 2*n**2 + 95*n - 1365. What is the remainder when 7289 is divided by k(-60)?
134
Suppose 4*c = -0*d + 2*d - 18, 4*d + 2*c - 46 = 0. Suppose 5*l = 3*w + 116, -l = l - 2*w - 48. Let n = l - d. Calculate the remainder when n is divided by 2.
1
Suppose 36*i - 40*i = -12, 3*x = -2*i + 159. What is the remainder when 149 is divided by x?
47
Let m be ((-76)/95)/(5/((-25)/2)). Suppose 9*c - 8*c - m = -g, 3*g = -2*c. Suppose 0 = -3*u - 0*u + 84. What is the remainder when u is divided by c?
4
What is the remainder when (90/20 + -3)*2298/9 is divided by 24?
23
Let r = 2746 + -2682. What is the remainder when 339 is divided by r?
19
Let g = 51 - 40. Suppose 2*s + g = -13. What is the remainder when 2 is divided by 6/(-8)*16/s?
0
Let o = -322 - -375. What is the remainder when o is divided by -4 - (-4 - 1 - 3)?
1
Suppose -2*q - 3*l + 21 = 0, 2*q + 4*l + 28 = 4*q. Let w = 36 + -32. Suppose y - 2*d + 12 = 39, 93 = w*y - 3*d. What is the remainder when y is divided by q?
9
Let u(k) = -k**2 - 18*k - 63. What is the remainder when 3715 is divided by u(-6)?
7
Let q(a) = 6*a + 58. Let v be q(-8). Let h(t) = t**3 - 9*t**2 - 6*t - 7. What is the remainder when 129 is divided by h(v)?
30
Let b be 1/(1 + 0 + 16/(-24)). What is the remainder when (-3 - -5)*b/(6/142) is divided by 11?
10
Let a = 26469 - 25515. Calculate the remainder when a is divided by 79.
6
Let k = 36 + 217. Let d = -9 + k. Calculate the remainder when d is divided by 62.
58
Let i be (-24)/(-16)*6 + 389. Suppose 350 = -4*t + i. Calculate the remainder when t is divided by 5.
2
Let p(h) be the second derivative of 5*h**4/6 - h**3/2 - 3*h**2/2 + 27*h + 5. Suppose -1 = 3*k + 2. Calculate the remainder when 38 is divided by p(k).
8
Suppose -2*s = s - 303. Let y(t) = -t**2 + 74*t + 92. Calculate the remainder when s is divided by y(75).
16
Suppose -8*b = -12*b + 48. Suppose b*g = 120 - 0. Calculate the remainder when 77 is divided by g.
7
Let q(s) = 176*s**2 - 117*s + 119. What is the remainder when 17439 is divided by q(1)?
173
Suppose 2*x - 38 - 44 = 0. Suppose -3*d = 27*b - 26*b + 3, -4*b = 4*d - 36. What is the remainder when x is divided by b?
11
Let b = 35 + -28. Suppose -5*l - 3 = 3*j, 2*l = 1 - b. Suppose -j*r = -6*r + 28. What is the remainder when r is divided by 8?
6
Suppose -859 - 387 = -10*j + 2704. Calculate the remainder when j is divided by 44.
43
Let f(q) = -q + 138. Let m be f(-19). Suppose -w + m = -3*t, 4*w - 9*t - 601 = -6*t. Calculate the remainder when w is divided by 10.
8
Suppose 0 = -d - y + 83, 419 = 2*d + 3*d + 4*y. What is the remainder when 692 is divided by d?
83
Let n be 38*3*(-3)/(-9). Let b = n + -41. Calculate the remainder when (-3 - -2 - b) + 103 is divided by 27.
24
Suppose 357*v - 358*v - 5*t = -216, -t - 712 = -3*v. Calculate the remainder when v is divided by 168.
68
Suppose 13*z = 54*z - 11070. Let j(x) = -8*x**3 + 2*x**2 + 3*x + 2. Calculate the remainder when z is divided by j(-2).
66
Let m = 134 + -132. Calculate the remainder when (1 - 4/m)/(90/(-9810)) is divided by 56.
53
Suppose 31716 = 1339*k + 423*k. What is the remainder when 3/12 - 270/(-8) is divided by k?
16
Let u = 7163 - 6232. Calculate the remainder when u is divided by 67.
60
Let q = -47 - -66. Suppose -2*x + 45 = q. Let t = -29 - -34. What is the remainder when x is divided by t?
3
Suppose -a - 5*p = -64, -4*p + 147 + 110 = 5*a. What is the remainder when 169 is divided by a?
22
Suppose -115*p - 3*u + 247 = -110*p, -2*u + 98 = 2*p. Calculate the remainder when 59 is divided by p.
9
Let v = 815 - 409. Suppose -q - 5*k + 182 = 0, -79*k = -2*q - 75*k + v. What is the remainder when q is divided by 104?
93
Let p = -1903 - -2476. What is the remainder when p is divided by 143?
1
Let q(o) = 49*o + 20